when 5434421 is divided by 1289?
1286
Calculate the remainder when 11979 is divided by 11971.
8
Calculate the remainder when 12546 is divided by 4170.
36
Calculate the remainder when 44737 is divided by 150.
37
Calculate the remainder when 3054 is divided by 45.
39
What is the remainder when 20047 is divided by 34?
21
What is the remainder when 7667 is divided by 587?
36
What is the remainder when 65288 is divided by 3434?
42
What is the remainder when 70749 is divided by 201?
198
What is the remainder when 800626 is divided by 24?
10
Calculate the remainder when 6732 is divided by 154.
110
What is the remainder when 3172 is divided by 193?
84
What is the remainder when 8051 is divided by 3?
2
What is the remainder when 735 is divided by 93?
84
What is the remainder when 60236 is divided by 418?
44
Calculate the remainder when 1311 is divided by 1297.
14
What is the remainder when 574410 is divided by 357?
354
Calculate the remainder when 1124 is divided by 36.
8
What is the remainder when 5636 is divided by 1875?
11
What is the remainder when 226272 is divided by 14142?
0
What is the remainder when 17207 is divided by 115?
72
Calculate the remainder when 54158 is divided by 41.
38
What is the remainder when 48924 is divided by 23?
3
Calculate the remainder when 9891 is divided by 9.
0
What is the remainder when 214769 is divided by 5?
4
What is the remainder when 68493 is divided by 157?
41
Calculate the remainder when 64859 is divided by 32363.
133
Calculate the remainder when 8557 is divided by 91.
3
What is the remainder when 4407 is divided by 2622?
1785
What is the remainder when 562 is divided by 151?
109
What is the remainder when 560723 is divided by 431?
423
Calculate the remainder when 281449 is divided by 392.
385
What is the remainder when 63270 is divided by 161?
158
Calculate the remainder when 14090 is divided by 133.
125
Calculate the remainder when 152870 is divided by 392.
382
What is the remainder when 3953442 is divided by 13?
12
What is the remainder when 1166 is divided by 178?
98
What is the remainder when 2558 is divided by 161?
143
What is the remainder when 413 is divided by 8?
5
What is the remainder when 2311446 is divided by 16?
6
What is the remainder when 25868 is divided by 112?
108
Calculate the remainder when 13063 is divided by 87.
13
Calculate the remainder when 118511 is divided by 11847.
41
What is the remainder when 189499 is divided by 6762?
163
Calculate the remainder when 16798 is divided by 8391.
16
Calculate the remainder when 2604 is divided by 238.
224
What is the remainder when 1236 is divided by 1208?
28
Calculate the remainder when 14472 is divided by 1801.
64
Calculate the remainder when 1669 is divided by 577.
515
Calculate the remainder when 24960 is divided by 1468.
4
Calculate the remainder when 38066 is divided by 334.
324
Calculate the remainder when 99921 is divided by 6.
3
Calculate the remainder when 4890 is divided by 2165.
560
What is the remainder when 1337 is divided by 329?
21
Calculate the remainder when 278664 is divided by 87.
3
What is the remainder when 5560 is divided by 1809?
133
What is the remainder when 10094 is divided by 306?
302
Calculate the remainder when 3618 is divided by 384.
162
Calculate the remainder when 816 is divided by 42.
18
Calculate the remainder when 782 is divided by 33.
23
What is the remainder when 22519 is divided by 40?
39
Calculate the remainder when 5814 is divided by 965.
24
What is the remainder when 22204 is divided by 7386?
46
What is the remainder when 21579 is divided by 182?
103
Calculate the remainder when 1434 is divided by 703.
28
What is the remainder when 220306 is divided by 110143?
20
What is the remainder when 809 is divided by 91?
81
Calculate the remainder when 710 is divided by 36.
26
What is the remainder when 7238 is divided by 3614?
10
What is the remainder when 5597 is divided by 109?
38
Calculate the remainder when 6872399 is divided by 345.
344
What is the remainder when 3002 is divided by 2951?
51
Calculate the remainder when 34425 is divided by 4.
1
What is the remainder when 129849 is divided by 64915?
19
Calculate the remainder when 42003 is divided by 231.
192
What is the remainder when 52880 is divided by 193?
191
What is the remainder when 15482 is divided by 1718?
20
What is the remainder when 8610 is divided by 187?
8
What is the remainder when 57317 is divided by 1976?
13
What is the remainder when 130280 is divided by 60?
20
Calculate the remainder when 171065 is divided by 198.
191
What is the remainder when 37578 is divided by 1390?
48
Calculate the remainder when 220823 is divided by 412.
403
What is the remainder when 5706570 is divided by 31?
28
What is the remainder when 7399 is divided by 1577?
1091
Calculate the remainder when 113781 is divided by 1537.
43
What is the remainder when 24766 is divided by 3094?
14
What is the remainder when 9905 is divided by 3277?
74
What is the remainder when 10557 is divided by 225?
207
Calculate the remainder when 28578 is divided by 4082.
4
Calculate the remainder when 65422 is divided by 21805.
7
What is the remainder when 29299 is divided by 29?
9
What is the remainder when 9058 is divided by 3?
1
Calculate the remainder when 43135 is divided by 30.
25
What is the remainder when 149669 is divided by 13605?
14
What is the remainder when 74279 is divided by 347?
21
Calculate the remainder when 3574 is divided by 404.
342
Calculate the remainder when 315076 is divided by 23.
22
Calculate the remainder when 228123 is divided by 8.
3
Calculate the remainder when 45966 is divided by 13.
11
What is the remainder when 299620 is divided by 51?
46
Calculate the remainder when 143 is divided by 135.
8
Calculate the remainder when 12827 is divided by 2562.
17
Calculate the remainder when 4404538 is divided by 20.
18
Calculate the remainder when 16893 is divided by 157.
94
What is the remainder when 170024 is divided by 264?
8
Calculate the remainder when 985 is divided by 91.
75
Calculate the remainder when 4586 is divided by 4473.
113
Calculate the remainder when 94883 is divided by 19.
16
Calculate the remainder when 5549502 is divided by 16.
14
Calculate the remainder when 30685 is divided by 159.
157
Calculate the remainder when 407776 is divided by 5743.
23
Calculate the remainder when 421 is divided by 108.
97
What is the remainder when 26253 is divided by 12991?
271
What is the remainder when 966 is divided by 181?
61
What is the remainder when 693 is divided by 85?
13
What is the remainder when 91654 is divided by 67?
65
What is the remainder when 3133 is divided by 750?
133
Calculate the remainder when 3637 is divided by 140.
137
What is the remainder when 7859 is divided by 34?
5
Calculate the remainder when 671 is divided by 169.
164
What is the remainder when 10602 is divided by 10103?
499
What is the remainder when 30807 is divided by 385?
7
What is the remainder when 10337 is divided by 739?
730
Calculate the remainder when 1132 is divided by 281.
8
What is the remainder when 6152650 is divided by 1493?
1490
What is the remainder when 45487 is divided by 429?
13
Calculate the remainder when 66852 is divided by 60.
12
Calculate the remainder when 613122 is divided by 241.
18
Calculate the remainder when 381668 is divided by 72.
68
Calculate the remainder when 2248 is divided by 465.
388
What is the remainder when 43633 is divided by 17?
11
Calculate the remainder when 2966 is divided by 822.
500
Calculate the remainder when 7357 is divided by 526.
519
What is the remainder when 69529 is divided by 23?
0
What is the remainder when 9265 is divided by 916?
105
Calculate the remainder when 4223 is divided by 211.
3
Calculate the remainder when 5642 is divided by 178.
124
Calculate the remainder when 35114 is divided by 27.
14
What is the remainder when 2054766 is divided by 684918?
12
What is the remainder when 7283 is divided by 112?
3
Calculate the remainder when 5537 is divided by 79.
7
What is the remainder when 5263 is divided by 12?
7
What is the remainder when 3674 is divided by 53?
17
Calculate the remainder when 3601 is divided by 3234.
367
What is the remainder when 783 is divided by 283?
217
What is the remainder when 616632 is divided by 962?
952
What